{"id":1787,"date":"2017-01-28T13:57:28","date_gmt":"2017-01-28T12:57:28","guid":{"rendered":"http:\/\/vilafames.org\/?page_id=1787"},"modified":"2017-01-28T14:16:18","modified_gmt":"2017-01-28T13:16:18","slug":"sant-miquel-arcangel","status":"publish","type":"page","link":"https:\/\/vilafames.org\/es\/festes\/sant-miquel-arcangel\/","title":{"rendered":"San Miguel Arc\u00e1ngel"},"content":{"rendered":"<p>Festividad que tiene lugar el cuarto domingo de Cuaresma. Consiste \u00e9sta en la realizaci\u00f3n de una romer\u00eda a la ermita del mismo nombre donde se venera al patr\u00f3n de la localidad, San Miguel Arc\u00e1ngel. En la ermita, se oficia misa y se realiza una comida campestre, habiendo gran animaci\u00f3n por cuanto a la ermita llegan romeros desde las poblaciones vecinas. En la explanada que hay delante de la ermita se establece un peque\u00f1o mercadillo. Al volver al pueblo los romeros tiene lugar la process\u00f3 de les creus, donde participan los ni\u00f1os llevando cruces hechas con brezo. Ya de noche tiene lugar la process\u00f3 dels borratxos, en la que a la altura de la Roca Grossa, se produce el encuentro de los romeros que acompa\u00f1an al patr\u00f3n San Miguel y la cofrad\u00eda del Cristo de la Sangre que sale a recibirlos, para continuar en procesi\u00f3n hasta la iglesia.<\/p>\n<p><img decoding=\"async\" class=\"alignnone size-large wp-image-1788 lazyload\" data-src=\"https:\/\/vilafames.corvanit.com\/wp-content\/uploads\/IMG_4609-1024x683.jpg\" alt=\"\" width=\"500\" height=\"333\" data-srcset=\"https:\/\/vilafames.org\/wp-content\/uploads\/IMG_4609-1024x683.jpg 1024w, https:\/\/vilafames.org\/wp-content\/uploads\/IMG_4609-300x200.jpg 300w, https:\/\/vilafames.org\/wp-content\/uploads\/IMG_4609-768x512.jpg 768w\" data-sizes=\"(max-width: 500px) 100vw, 500px\" src=\"data:image\/gif;base64,R0lGODlhAQABAAAAACH5BAEKAAEALAAAAAABAAEAAAICTAEAOw==\" style=\"--smush-placeholder-width: 500px; --smush-placeholder-aspect-ratio: 500\/333;\" \/>","protected":false},"excerpt":{"rendered":"<p>Festividad que tiene lugar el cuarto domingo de Cuaresma. Consiste \u00e9sta en la realizaci\u00f3n de una romer\u00eda a la ermita del mismo nombre donde se venera al patr\u00f3n de la localidad, San Miguel Arc\u00e1ngel. En la ermita, se oficia misa y se realiza una comida campestre, habiendo gran animaci\u00f3n por cuanto a la ermita llegan [&hellip;]<\/p>\n","protected":false},"author":3,"featured_media":1803,"parent":666,"menu_order":0,"comment_status":"closed","ping_status":"closed","template":"","meta":{"footnotes":""},"class_list":["post-1787","page","type-page","status-publish","has-post-thumbnail","hentry"],"yoast_head":"<!-- This site is optimized with the Yoast SEO plugin v24.8.1 - https:\/\/yoast.com\/wordpress\/plugins\/seo\/ -->\n<title>San Miguel Arc\u00e1ngel - Web de l&#039;Ajuntament de Vilafam\u00e9s<\/title>\n<meta name=\"robots\" content=\"index, follow, max-snippet:-1, max-image-preview:large, max-video-preview:-1\" \/>\n<link rel=\"canonical\" href=\"https:\/\/vilafames.org\/poble__trashed\/festes\/sant-miquel-arcangel\/\" \/>\n<meta property=\"og:locale\" content=\"es_ES\" \/>\n<meta property=\"og:type\" content=\"article\" \/>\n<meta property=\"og:title\" content=\"[:ca]Sant Miquel Arc\u00e0ngel[:es]San Miguel Arc\u00e1ngel[:] - Web de l&#039;Ajuntament de Vilafam\u00e9s\" \/>\n<meta property=\"og:description\" content=\"Festividad que tiene lugar el cuarto domingo de Cuaresma. Consiste \u00e9sta en la realizaci\u00f3n de una romer\u00eda a la ermita del mismo nombre donde se venera al patr\u00f3n de la localidad, San Miguel Arc\u00e1ngel. En la ermita, se oficia misa y se realiza una comida campestre, habiendo gran animaci\u00f3n por cuanto a la ermita llegan [&hellip;]\" \/>\n<meta property=\"og:url\" content=\"https:\/\/vilafames.org\/poble__trashed\/festes\/sant-miquel-arcangel\/\" \/>\n<meta property=\"og:site_name\" content=\"Web de l&#039;Ajuntament de Vilafam\u00e9s\" \/>\n<meta property=\"article:publisher\" content=\"https:\/\/www.facebook.com\/AjuntamentVilafames\" \/>\n<meta property=\"article:modified_time\" content=\"2017-01-28T13:16:18+00:00\" \/>\n<meta property=\"og:image\" content=\"https:\/\/vilafames.org\/wp-content\/uploads\/IMG_4413.jpg\" \/>\n\t<meta property=\"og:image:width\" content=\"2592\" \/>\n\t<meta property=\"og:image:height\" content=\"1728\" \/>\n\t<meta property=\"og:image:type\" content=\"image\/jpeg\" \/>\n<meta name=\"twitter:card\" content=\"summary_large_image\" \/>\n<meta name=\"twitter:site\" content=\"@ajtvilafames\" \/>\n<meta name=\"twitter:label1\" content=\"Tiempo de lectura\" \/>\n\t<meta name=\"twitter:data1\" content=\"2 minutos\" \/>\n<script type=\"application\/ld+json\" class=\"yoast-schema-graph\">{\"@context\":\"https:\/\/schema.org\",\"@graph\":[{\"@type\":\"WebPage\",\"@id\":\"https:\/\/vilafames.org\/poble__trashed\/festes\/sant-miquel-arcangel\/\",\"url\":\"https:\/\/vilafames.org\/poble__trashed\/festes\/sant-miquel-arcangel\/\",\"name\":\"[:ca]Sant Miquel Arc\u00e0ngel[:es]San Miguel Arc\u00e1ngel[:] - Web de l&#039;Ajuntament de Vilafam\u00e9s\",\"isPartOf\":{\"@id\":\"https:\/\/vilafames.org\/#website\"},\"primaryImageOfPage\":{\"@id\":\"https:\/\/vilafames.org\/poble__trashed\/festes\/sant-miquel-arcangel\/#primaryimage\"},\"image\":{\"@id\":\"https:\/\/vilafames.org\/poble__trashed\/festes\/sant-miquel-arcangel\/#primaryimage\"},\"thumbnailUrl\":\"https:\/\/vilafames.org\/wp-content\/uploads\/IMG_4413.jpg\",\"datePublished\":\"2017-01-28T12:57:28+00:00\",\"dateModified\":\"2017-01-28T13:16:18+00:00\",\"breadcrumb\":{\"@id\":\"https:\/\/vilafames.org\/poble__trashed\/festes\/sant-miquel-arcangel\/#breadcrumb\"},\"inLanguage\":\"es\",\"potentialAction\":[{\"@type\":\"ReadAction\",\"target\":[\"https:\/\/vilafames.org\/poble__trashed\/festes\/sant-miquel-arcangel\/\"]}]},{\"@type\":\"ImageObject\",\"inLanguage\":\"es\",\"@id\":\"https:\/\/vilafames.org\/poble__trashed\/festes\/sant-miquel-arcangel\/#primaryimage\",\"url\":\"https:\/\/vilafames.org\/wp-content\/uploads\/IMG_4413.jpg\",\"contentUrl\":\"https:\/\/vilafames.org\/wp-content\/uploads\/IMG_4413.jpg\",\"width\":2592,\"height\":1728},{\"@type\":\"BreadcrumbList\",\"@id\":\"https:\/\/vilafames.org\/poble__trashed\/festes\/sant-miquel-arcangel\/#breadcrumb\",\"itemListElement\":[{\"@type\":\"ListItem\",\"position\":1,\"name\":\"Inici\",\"item\":\"https:\/\/vilafames.org\/\"},{\"@type\":\"ListItem\",\"position\":2,\"name\":\"Festes i tradicions\",\"item\":\"https:\/\/vilafames.org\/poble__trashed\/festes\/\"},{\"@type\":\"ListItem\",\"position\":3,\"name\":\"Sant Miquel Arc\u00e0ngel\"}]},{\"@type\":\"WebSite\",\"@id\":\"https:\/\/vilafames.org\/#website\",\"url\":\"https:\/\/vilafames.org\/\",\"name\":\"Web de l'Ajuntament de Vilafam\u00e9s\",\"description\":\"Web de l&#039;Ajuntament de Vilafam\u00e9s\",\"publisher\":{\"@id\":\"https:\/\/vilafames.org\/#organization\"},\"potentialAction\":[{\"@type\":\"SearchAction\",\"target\":{\"@type\":\"EntryPoint\",\"urlTemplate\":\"https:\/\/vilafames.org\/?s={search_term_string}\"},\"query-input\":{\"@type\":\"PropertyValueSpecification\",\"valueRequired\":true,\"valueName\":\"search_term_string\"}}],\"inLanguage\":\"es\"},{\"@type\":\"Organization\",\"@id\":\"https:\/\/vilafames.org\/#organization\",\"name\":\"Web de l'Ajuntament de Vilafam\u00e9s\",\"url\":\"https:\/\/vilafames.org\/\",\"logo\":{\"@type\":\"ImageObject\",\"inLanguage\":\"es\",\"@id\":\"https:\/\/vilafames.org\/#\/schema\/logo\/image\/\",\"url\":\"https:\/\/vilafames.org\/wp-content\/uploads\/cropped-marca_v_rgb-1-1.png\",\"contentUrl\":\"https:\/\/vilafames.org\/wp-content\/uploads\/cropped-marca_v_rgb-1-1.png\",\"width\":558,\"height\":269,\"caption\":\"Web de l'Ajuntament de Vilafam\u00e9s\"},\"image\":{\"@id\":\"https:\/\/vilafames.org\/#\/schema\/logo\/image\/\"},\"sameAs\":[\"https:\/\/www.facebook.com\/AjuntamentVilafames\",\"https:\/\/x.com\/ajtvilafames\",\"https:\/\/www.instagram.com\/ajuntamentvilafames\/\",\"https:\/\/www.youtube.com\/channel\/UCjXWt3n8FHiahgKqHZWOTXQ\"]}]}<\/script>\n<!-- \/ Yoast SEO plugin. -->","yoast_head_json":{"title":"[:ca]Sant Miquel Arc\u00e0ngel[:es]San Miguel Arc\u00e1ngel[:] - Web de l&#039;Ajuntament de Vilafam\u00e9s","robots":{"index":"index","follow":"follow","max-snippet":"max-snippet:-1","max-image-preview":"max-image-preview:large","max-video-preview":"max-video-preview:-1"},"canonical":"https:\/\/vilafames.org\/poble__trashed\/festes\/sant-miquel-arcangel\/","og_locale":"es_ES","og_type":"article","og_title":"[:ca]Sant Miquel Arc\u00e0ngel[:es]San Miguel Arc\u00e1ngel[:] - Web de l&#039;Ajuntament de Vilafam\u00e9s","og_description":"Festividad que tiene lugar el cuarto domingo de Cuaresma. Consiste \u00e9sta en la realizaci\u00f3n de una romer\u00eda a la ermita del mismo nombre donde se venera al patr\u00f3n de la localidad, San Miguel Arc\u00e1ngel. En la ermita, se oficia misa y se realiza una comida campestre, habiendo gran animaci\u00f3n por cuanto a la ermita llegan [&hellip;]","og_url":"https:\/\/vilafames.org\/poble__trashed\/festes\/sant-miquel-arcangel\/","og_site_name":"Web de l&#039;Ajuntament de Vilafam\u00e9s","article_publisher":"https:\/\/www.facebook.com\/AjuntamentVilafames","article_modified_time":"2017-01-28T13:16:18+00:00","og_image":[{"width":2592,"height":1728,"url":"https:\/\/vilafames.org\/wp-content\/uploads\/IMG_4413.jpg","type":"image\/jpeg"}],"twitter_card":"summary_large_image","twitter_site":"@ajtvilafames","twitter_misc":{"Tiempo de lectura":"2 minutos"},"schema":{"@context":"https:\/\/schema.org","@graph":[{"@type":"WebPage","@id":"https:\/\/vilafames.org\/poble__trashed\/festes\/sant-miquel-arcangel\/","url":"https:\/\/vilafames.org\/poble__trashed\/festes\/sant-miquel-arcangel\/","name":"[:ca]Sant Miquel Arc\u00e0ngel[:es]San Miguel Arc\u00e1ngel[:] - Web de l&#039;Ajuntament de Vilafam\u00e9s","isPartOf":{"@id":"https:\/\/vilafames.org\/#website"},"primaryImageOfPage":{"@id":"https:\/\/vilafames.org\/poble__trashed\/festes\/sant-miquel-arcangel\/#primaryimage"},"image":{"@id":"https:\/\/vilafames.org\/poble__trashed\/festes\/sant-miquel-arcangel\/#primaryimage"},"thumbnailUrl":"https:\/\/vilafames.org\/wp-content\/uploads\/IMG_4413.jpg","datePublished":"2017-01-28T12:57:28+00:00","dateModified":"2017-01-28T13:16:18+00:00","breadcrumb":{"@id":"https:\/\/vilafames.org\/poble__trashed\/festes\/sant-miquel-arcangel\/#breadcrumb"},"inLanguage":"es","potentialAction":[{"@type":"ReadAction","target":["https:\/\/vilafames.org\/poble__trashed\/festes\/sant-miquel-arcangel\/"]}]},{"@type":"ImageObject","inLanguage":"es","@id":"https:\/\/vilafames.org\/poble__trashed\/festes\/sant-miquel-arcangel\/#primaryimage","url":"https:\/\/vilafames.org\/wp-content\/uploads\/IMG_4413.jpg","contentUrl":"https:\/\/vilafames.org\/wp-content\/uploads\/IMG_4413.jpg","width":2592,"height":1728},{"@type":"BreadcrumbList","@id":"https:\/\/vilafames.org\/poble__trashed\/festes\/sant-miquel-arcangel\/#breadcrumb","itemListElement":[{"@type":"ListItem","position":1,"name":"Inici","item":"https:\/\/vilafames.org\/"},{"@type":"ListItem","position":2,"name":"Festes i tradicions","item":"https:\/\/vilafames.org\/poble__trashed\/festes\/"},{"@type":"ListItem","position":3,"name":"Sant Miquel Arc\u00e0ngel"}]},{"@type":"WebSite","@id":"https:\/\/vilafames.org\/#website","url":"https:\/\/vilafames.org\/","name":"Web de l'Ajuntament de Vilafam\u00e9s","description":"Web de l&#039;Ajuntament de Vilafam\u00e9s","publisher":{"@id":"https:\/\/vilafames.org\/#organization"},"potentialAction":[{"@type":"SearchAction","target":{"@type":"EntryPoint","urlTemplate":"https:\/\/vilafames.org\/?s={search_term_string}"},"query-input":{"@type":"PropertyValueSpecification","valueRequired":true,"valueName":"search_term_string"}}],"inLanguage":"es"},{"@type":"Organization","@id":"https:\/\/vilafames.org\/#organization","name":"Web de l'Ajuntament de Vilafam\u00e9s","url":"https:\/\/vilafames.org\/","logo":{"@type":"ImageObject","inLanguage":"es","@id":"https:\/\/vilafames.org\/#\/schema\/logo\/image\/","url":"https:\/\/vilafames.org\/wp-content\/uploads\/cropped-marca_v_rgb-1-1.png","contentUrl":"https:\/\/vilafames.org\/wp-content\/uploads\/cropped-marca_v_rgb-1-1.png","width":558,"height":269,"caption":"Web de l'Ajuntament de Vilafam\u00e9s"},"image":{"@id":"https:\/\/vilafames.org\/#\/schema\/logo\/image\/"},"sameAs":["https:\/\/www.facebook.com\/AjuntamentVilafames","https:\/\/x.com\/ajtvilafames","https:\/\/www.instagram.com\/ajuntamentvilafames\/","https:\/\/www.youtube.com\/channel\/UCjXWt3n8FHiahgKqHZWOTXQ"]}]}},"_links":{"self":[{"href":"https:\/\/vilafames.org\/es\/wp-json\/wp\/v2\/pages\/1787","targetHints":{"allow":["GET"]}}],"collection":[{"href":"https:\/\/vilafames.org\/es\/wp-json\/wp\/v2\/pages"}],"about":[{"href":"https:\/\/vilafames.org\/es\/wp-json\/wp\/v2\/types\/page"}],"author":[{"embeddable":true,"href":"https:\/\/vilafames.org\/es\/wp-json\/wp\/v2\/users\/3"}],"replies":[{"embeddable":true,"href":"https:\/\/vilafames.org\/es\/wp-json\/wp\/v2\/comments?post=1787"}],"version-history":[{"count":0,"href":"https:\/\/vilafames.org\/es\/wp-json\/wp\/v2\/pages\/1787\/revisions"}],"up":[{"embeddable":true,"href":"https:\/\/vilafames.org\/es\/wp-json\/wp\/v2\/pages\/666"}],"wp:featuredmedia":[{"embeddable":true,"href":"https:\/\/vilafames.org\/es\/wp-json\/wp\/v2\/media\/1803"}],"wp:attachment":[{"href":"https:\/\/vilafames.org\/es\/wp-json\/wp\/v2\/media?parent=1787"}],"curies":[{"name":"wp","href":"https:\/\/api.w.org\/{rel}","templated":true}]}}

San Miguel Arcángel

<p>Festividad que tiene lugar el cuarto domingo de Cuaresma. Consiste ésta en la realización de una romería a la ermita del mismo nombre donde se venera al patrón de la localidad, San Miguel Arcángel. En la ermita, se oficia misa y se realiza una comida campestre, habiendo gran animación por cuanto a la ermita llegan romeros desde las poblaciones vecinas. En la explanada que hay delante de la ermita se establece un pequeño mercadillo. Al volver al pueblo los romeros tiene lugar la processó de les creus, donde participan los niños llevando cruces hechas con brezo. Ya de noche tiene lugar la processó dels borratxos, en la que a la altura de la Roca Grossa, se produce el encuentro de los romeros que acompañan al patrón San Miguel y la cofradía del Cristo de la Sangre que sale a recibirlos, para continuar en procesión hasta la iglesia.</p>
<p><img decoding="async" class="alignnone size-large wp-image-1788 lazyload" data-src="https://vilafames.corvanit.com/wp-content/uploads/IMG_4609-1024x683.jpg" alt="" width="500" height="333" data-srcset="https://vilafames.org/wp-content/uploads/IMG_4609-1024x683.jpg 1024w, https://vilafames.org/wp-content/uploads/IMG_4609-300x200.jpg 300w, https://vilafames.org/wp-content/uploads/IMG_4609-768x512.jpg 768w" data-sizes="(max-width: 500px) 100vw, 500px" src="data:image/gif;base64,R0lGODlhAQABAAAAACH5BAEKAAEALAAAAAABAAEAAAICTAEAOw==" style="--smush-placeholder-width: 500px; --smush-placeholder-aspect-ratio: 500/333;" />

<p>Festividad que tiene lugar el cuarto domingo de Cuaresma. Consiste ésta en la realización de una romería a la ermita del mismo nombre donde se venera al patrón de la localidad, San Miguel Arcángel. En la ermita, se oficia misa y se realiza una comida campestre, habiendo gran animación por cuanto a la ermita llegan [&hellip;]</p>

<!-- This site is optimized with the Yoast SEO plugin v24.8.1 - https://yoast.com/wordpress/plugins/seo/ -->
<title>San Miguel Arcángel - Web de l&#039;Ajuntament de Vilafamés</title>
<meta name="robots" content="index, follow, max-snippet:-1, max-image-preview:large, max-video-preview:-1" />
<link rel="canonical" href="https://vilafames.org/poble__trashed/festes/sant-miquel-arcangel/" />
<meta property="og:locale" content="es_ES" />
<meta property="og:type" content="article" />
<meta property="og:title" content="[:ca]Sant Miquel Arcàngel[:es]San Miguel Arcángel[:] - Web de l&#039;Ajuntament de Vilafamés" />
<meta property="og:description" content="Festividad que tiene lugar el cuarto domingo de Cuaresma. Consiste ésta en la realización de una romería a la ermita del mismo nombre donde se venera al patrón de la localidad, San Miguel Arcángel. En la ermita, se oficia misa y se realiza una comida campestre, habiendo gran animación por cuanto a la ermita llegan [&hellip;]" />
<meta property="og:url" content="https://vilafames.org/poble__trashed/festes/sant-miquel-arcangel/" />
<meta property="og:site_name" content="Web de l&#039;Ajuntament de Vilafamés" />
<meta property="article:publisher" content="https://www.facebook.com/AjuntamentVilafames" />
<meta property="article:modified_time" content="2017-01-28T13:16:18+00:00" />
<meta property="og:image" content="https://vilafames.org/wp-content/uploads/IMG_4413.jpg" />
	<meta property="og:image:width" content="2592" />
	<meta property="og:image:height" content="1728" />
	<meta property="og:image:type" content="image/jpeg" />
<meta name="twitter:card" content="summary_large_image" />
<meta name="twitter:site" content="@ajtvilafames" />
<meta name="twitter:label1" content="Tiempo de lectura" />
	<meta name="twitter:data1" content="2 minutos" />
<script type="application/ld+json" class="yoast-schema-graph">{"@context":"https://schema.org","@graph":[{"@type":"WebPage","@id":"https://vilafames.org/poble__trashed/festes/sant-miquel-arcangel/","url":"https://vilafames.org/poble__trashed/festes/sant-miquel-arcangel/","name":"[:ca]Sant Miquel Arcàngel[:es]San Miguel Arcángel[:] - Web de l&#039;Ajuntament de Vilafamés","isPartOf":{"@id":"https://vilafames.org/#website"},"primaryImageOfPage":{"@id":"https://vilafames.org/poble__trashed/festes/sant-miquel-arcangel/#primaryimage"},"image":{"@id":"https://vilafames.org/poble__trashed/festes/sant-miquel-arcangel/#primaryimage"},"thumbnailUrl":"https://vilafames.org/wp-content/uploads/IMG_4413.jpg","datePublished":"2017-01-28T12:57:28+00:00","dateModified":"2017-01-28T13:16:18+00:00","breadcrumb":{"@id":"https://vilafames.org/poble__trashed/festes/sant-miquel-arcangel/#breadcrumb"},"inLanguage":"es","potentialAction":[{"@type":"ReadAction","target":["https://vilafames.org/poble__trashed/festes/sant-miquel-arcangel/"]}]},{"@type":"ImageObject","inLanguage":"es","@id":"https://vilafames.org/poble__trashed/festes/sant-miquel-arcangel/#primaryimage","url":"https://vilafames.org/wp-content/uploads/IMG_4413.jpg","contentUrl":"https://vilafames.org/wp-content/uploads/IMG_4413.jpg","width":2592,"height":1728},{"@type":"BreadcrumbList","@id":"https://vilafames.org/poble__trashed/festes/sant-miquel-arcangel/#breadcrumb","itemListElement":[{"@type":"ListItem","position":1,"name":"Inici","item":"https://vilafames.org/"},{"@type":"ListItem","position":2,"name":"Festes i tradicions","item":"https://vilafames.org/poble__trashed/festes/"},{"@type":"ListItem","position":3,"name":"Sant Miquel Arcàngel"}]},{"@type":"WebSite","@id":"https://vilafames.org/#website","url":"https://vilafames.org/","name":"Web de l'Ajuntament de Vilafamés","description":"Web de l&#039;Ajuntament de Vilafamés","publisher":{"@id":"https://vilafames.org/#organization"},"potentialAction":[{"@type":"SearchAction","target":{"@type":"EntryPoint","urlTemplate":"https://vilafames.org/?s={search_term_string}"},"query-input":{"@type":"PropertyValueSpecification","valueRequired":true,"valueName":"search_term_string"}}],"inLanguage":"es"},{"@type":"Organization","@id":"https://vilafames.org/#organization","name":"Web de l'Ajuntament de Vilafamés","url":"https://vilafames.org/","logo":{"@type":"ImageObject","inLanguage":"es","@id":"https://vilafames.org/#/schema/logo/image/","url":"https://vilafames.org/wp-content/uploads/cropped-marca_v_rgb-1-1.png","contentUrl":"https://vilafames.org/wp-content/uploads/cropped-marca_v_rgb-1-1.png","width":558,"height":269,"caption":"Web de l'Ajuntament de Vilafamés"},"image":{"@id":"https://vilafames.org/#/schema/logo/image/"},"sameAs":["https://www.facebook.com/AjuntamentVilafames","https://x.com/ajtvilafames","https://www.instagram.com/ajuntamentvilafames/","https://www.youtube.com/channel/UCjXWt3n8FHiahgKqHZWOTXQ"]}]}</script>
<!-- / Yoast SEO plugin. -->

[:ca]Sant Miquel Arcàngel[:es]San Miguel Arcángel[:] - Web de l&#039;Ajuntament de Vilafamés

Festividad que tiene lugar el cuarto domingo de Cuaresma. Consiste ésta en la realización de una romería a la ermita del mismo nombre donde se venera al patrón de la localidad, San Miguel Arcángel. En la ermita, se oficia misa y se realiza una comida campestre, habiendo gran animación por cuanto a la ermita llegan [&hellip;]

Web de l&#039;Ajuntament de Vilafamés

Sant Miquel Arcàngel

Web de l'Ajuntament de Vilafamés
