{"version":"1.0","provider_name":"Web de l&#039;Ajuntament de Vilafam\u00e9s","provider_url":"https:\/\/vilafames.org\/es","author_name":"vilafames","author_url":"https:\/\/vilafames.org\/es\/author\/vilafames\/","title":"[:ca]Vilafam\u00e9s reparar\u00e0 la coberta de la Biblioteca[:es]Vilafam\u00e9s reparar\u00e1 la cubierta de la Biblioteca[:] - Web de l&#039;Ajuntament de Vilafam\u00e9s","type":"rich","width":600,"height":338,"html":"<blockquote class=\"wp-embedded-content\" data-secret=\"ugiH6GfeY6\"><a href=\"https:\/\/vilafames.org\/es\/vilafames-reparara-la-coberta-de-la-biblioteca\/\">Vilafam\u00e9s reparar\u00e1 la cubierta de la Biblioteca<\/a><\/blockquote><iframe sandbox=\"allow-scripts\" security=\"restricted\" src=\"https:\/\/vilafames.org\/es\/vilafames-reparara-la-coberta-de-la-biblioteca\/embed\/#?secret=ugiH6GfeY6\" width=\"600\" height=\"338\" title=\"\u00abVilafam\u00e9s reparar\u00e1 la cubierta de la Biblioteca\u00bb \u2014 Web de l&#039;Ajuntament de Vilafam\u00e9s\" data-secret=\"ugiH6GfeY6\" frameborder=\"0\" marginwidth=\"0\" marginheight=\"0\" scrolling=\"no\" class=\"wp-embedded-content\"><\/iframe><script type=\"text\/javascript\">\n\/* <![CDATA[ *\/\n\/*! This file is auto-generated *\/\n!function(d,l){\"use strict\";l.querySelector&&d.addEventListener&&\"undefined\"!=typeof URL&&(d.wp=d.wp||{},d.wp.receiveEmbedMessage||(d.wp.receiveEmbedMessage=function(e){var t=e.data;if((t||t.secret||t.message||t.value)&&!\/[^a-zA-Z0-9]\/.test(t.secret)){for(var s,r,n,a=l.querySelectorAll('iframe[data-secret=\"'+t.secret+'\"]'),o=l.querySelectorAll('blockquote[data-secret=\"'+t.secret+'\"]'),c=new RegExp(\"^https?:$\",\"i\"),i=0;i<o.length;i++)o[i].style.display=\"none\";for(i=0;i<a.length;i++)s=a[i],e.source===s.contentWindow&&(s.removeAttribute(\"style\"),\"height\"===t.message?(1e3<(r=parseInt(t.value,10))?r=1e3:~~r<200&&(r=200),s.height=r):\"link\"===t.message&&(r=new URL(s.getAttribute(\"src\")),n=new URL(t.value),c.test(n.protocol))&&n.host===r.host&&l.activeElement===s&&(d.top.location.href=t.value))}},d.addEventListener(\"message\",d.wp.receiveEmbedMessage,!1),l.addEventListener(\"DOMContentLoaded\",function(){for(var e,t,s=l.querySelectorAll(\"iframe.wp-embedded-content\"),r=0;r<s.length;r++)(t=(e=s[r]).getAttribute(\"data-secret\"))||(t=Math.random().toString(36).substring(2,12),e.src+=\"#?secret=\"+t,e.setAttribute(\"data-secret\",t)),e.contentWindow.postMessage({message:\"ready\",secret:t},\"*\")},!1)))}(window,document);\n\/* ]]> *\/\n<\/script>\n","description":"El Ayuntamiento de Vilafam\u00e9s ha licitado las obras de reparaci\u00f3n de la cubierta de la Biblioteca municipal. El presupuesto total de licitaci\u00f3n es de 17.843\u201956 euros. Los trabajos principales, que ser\u00e1n realizados por una empresa local, consistir\u00e1n en la reparaci\u00f3n de la cubierta y la utilizaci\u00f3n de pintura antigoteras para prevenir filtraciones y desperfectos futuros."}

Web de l&#039;Ajuntament de Vilafamés

[:ca]Vilafamés repararà la coberta de la Biblioteca[:es]Vilafamés reparará la cubierta de la Biblioteca[:] - Web de l&#039;Ajuntament de Vilafamés

<blockquote class="wp-embedded-content" data-secret="ugiH6GfeY6"><a href="https://vilafames.org/es/vilafames-reparara-la-coberta-de-la-biblioteca/">Vilafamés reparará la cubierta de la Biblioteca</a></blockquote><iframe sandbox="allow-scripts" security="restricted" src="https://vilafames.org/es/vilafames-reparara-la-coberta-de-la-biblioteca/embed/#?secret=ugiH6GfeY6" width="600" height="338" title="«Vilafamés reparará la cubierta de la Biblioteca» — Web de l&#039;Ajuntament de Vilafamés" data-secret="ugiH6GfeY6" frameborder="0" marginwidth="0" marginheight="0" scrolling="no" class="wp-embedded-content"></iframe><script type="text/javascript">
/* <![CDATA[ */
/*! This file is auto-generated */
!function(d,l){"use strict";l.querySelector&&d.addEventListener&&"undefined"!=typeof URL&&(d.wp=d.wp||{},d.wp.receiveEmbedMessage||(d.wp.receiveEmbedMessage=function(e){var t=e.data;if((t||t.secret||t.message||t.value)&&!/[^a-zA-Z0-9]/.test(t.secret)){for(var s,r,n,a=l.querySelectorAll('iframe[data-secret="'+t.secret+'"]'),o=l.querySelectorAll('blockquote[data-secret="'+t.secret+'"]'),c=new RegExp("^https?:$","i"),i=0;i<o.length;i++)o[i].style.display="none";for(i=0;i<a.length;i++)s=a[i],e.source===s.contentWindow&&(s.removeAttribute("style"),"height"===t.message?(1e3<(r=parseInt(t.value,10))?r=1e3:~~r<200&&(r=200),s.height=r):"link"===t.message&&(r=new URL(s.getAttribute("src")),n=new URL(t.value),c.test(n.protocol))&&n.host===r.host&&l.activeElement===s&&(d.top.location.href=t.value))}},d.addEventListener("message",d.wp.receiveEmbedMessage,!1),l.addEventListener("DOMContentLoaded",function(){for(var e,t,s=l.querySelectorAll("iframe.wp-embedded-content"),r=0;r<s.length;r++)(t=(e=s[r]).getAttribute("data-secret"))||(t=Math.random().toString(36).substring(2,12),e.src+="#?secret="+t,e.setAttribute("data-secret",t)),e.contentWindow.postMessage({message:"ready",secret:t},"*")},!1)))}(window,document);
/* ]]> */
</script>

El Ayuntamiento de Vilafamés ha licitado las obras de reparación de la cubierta de la Biblioteca municipal. El presupuesto total de licitación es de 17.843’56 euros. Los trabajos principales, que serán realizados por una empresa local, consistirán en la reparación de la cubierta y la utilización de pintura antigoteras para prevenir filtraciones y desperfectos futuros.
