{"version":"1.0","provider_name":"Web de l&#039;Ajuntament de Vilafam\u00e9s","provider_url":"https:\/\/vilafames.org\/es","author_name":"vilafames","author_url":"https:\/\/vilafames.org\/es\/author\/vilafames\/","title":"[:ca]Vilafam\u00e9s celebra el Dia de les Escriptores[:es]Vilafam\u00e9s celebra el D\u00eda de las Escritoras[:] - Web de l&#039;Ajuntament de Vilafam\u00e9s","type":"rich","width":600,"height":338,"html":"<blockquote class=\"wp-embedded-content\" data-secret=\"ocd9ZDLPKL\"><a href=\"https:\/\/vilafames.org\/es\/vilafames-celebra-el-dia-de-les-escriptores\/\">Vilafam\u00e9s celebra el D\u00eda de las Escritoras<\/a><\/blockquote><iframe sandbox=\"allow-scripts\" security=\"restricted\" src=\"https:\/\/vilafames.org\/es\/vilafames-celebra-el-dia-de-les-escriptores\/embed\/#?secret=ocd9ZDLPKL\" width=\"600\" height=\"338\" title=\"\u00abVilafam\u00e9s celebra el D\u00eda de las Escritoras\u00bb \u2014 Web de l&#039;Ajuntament de Vilafam\u00e9s\" data-secret=\"ocd9ZDLPKL\" frameborder=\"0\" marginwidth=\"0\" marginheight=\"0\" scrolling=\"no\" class=\"wp-embedded-content\"><\/iframe><script type=\"text\/javascript\">\n\/* <![CDATA[ *\/\n\/*! This file is auto-generated *\/\n!function(d,l){\"use strict\";l.querySelector&&d.addEventListener&&\"undefined\"!=typeof URL&&(d.wp=d.wp||{},d.wp.receiveEmbedMessage||(d.wp.receiveEmbedMessage=function(e){var t=e.data;if((t||t.secret||t.message||t.value)&&!\/[^a-zA-Z0-9]\/.test(t.secret)){for(var s,r,n,a=l.querySelectorAll('iframe[data-secret=\"'+t.secret+'\"]'),o=l.querySelectorAll('blockquote[data-secret=\"'+t.secret+'\"]'),c=new RegExp(\"^https?:$\",\"i\"),i=0;i<o.length;i++)o[i].style.display=\"none\";for(i=0;i<a.length;i++)s=a[i],e.source===s.contentWindow&&(s.removeAttribute(\"style\"),\"height\"===t.message?(1e3<(r=parseInt(t.value,10))?r=1e3:~~r<200&&(r=200),s.height=r):\"link\"===t.message&&(r=new URL(s.getAttribute(\"src\")),n=new URL(t.value),c.test(n.protocol))&&n.host===r.host&&l.activeElement===s&&(d.top.location.href=t.value))}},d.addEventListener(\"message\",d.wp.receiveEmbedMessage,!1),l.addEventListener(\"DOMContentLoaded\",function(){for(var e,t,s=l.querySelectorAll(\"iframe.wp-embedded-content\"),r=0;r<s.length;r++)(t=(e=s[r]).getAttribute(\"data-secret\"))||(t=Math.random().toString(36).substring(2,12),e.src+=\"#?secret=\"+t,e.setAttribute(\"data-secret\",t)),e.contentWindow.postMessage({message:\"ready\",secret:t},\"*\")},!1)))}(window,document);\n\/* ]]> *\/\n<\/script>\n","thumbnail_url":"https:\/\/vilafames.org\/wp-content\/uploads\/VILAFAMES-DIA-DE-LES-ESCRIPTORES.jpg","thumbnail_width":1200,"thumbnail_height":960,"description":"El Ayuntamiento de Vilafam\u00e9s y la Mancomunitat Plana Alta se han unido para poner en valor la figura de la mujer en la literatura en el D\u00eda de las Escritoras que se conmemora hoy, 19 de octubre. As\u00ed, en las redes sociales se dar\u00e1 difusi\u00f3n a la figura de diez mujeres con relevancia en las [&hellip;]"}

Web de l&#039;Ajuntament de Vilafamés

[:ca]Vilafamés celebra el Dia de les Escriptores[:es]Vilafamés celebra el Día de las Escritoras[:] - Web de l&#039;Ajuntament de Vilafamés

<blockquote class="wp-embedded-content" data-secret="ocd9ZDLPKL"><a href="https://vilafames.org/es/vilafames-celebra-el-dia-de-les-escriptores/">Vilafamés celebra el Día de las Escritoras</a></blockquote><iframe sandbox="allow-scripts" security="restricted" src="https://vilafames.org/es/vilafames-celebra-el-dia-de-les-escriptores/embed/#?secret=ocd9ZDLPKL" width="600" height="338" title="«Vilafamés celebra el Día de las Escritoras» — Web de l&#039;Ajuntament de Vilafamés" data-secret="ocd9ZDLPKL" frameborder="0" marginwidth="0" marginheight="0" scrolling="no" class="wp-embedded-content"></iframe><script type="text/javascript">
/* <![CDATA[ */
/*! This file is auto-generated */
!function(d,l){"use strict";l.querySelector&&d.addEventListener&&"undefined"!=typeof URL&&(d.wp=d.wp||{},d.wp.receiveEmbedMessage||(d.wp.receiveEmbedMessage=function(e){var t=e.data;if((t||t.secret||t.message||t.value)&&!/[^a-zA-Z0-9]/.test(t.secret)){for(var s,r,n,a=l.querySelectorAll('iframe[data-secret="'+t.secret+'"]'),o=l.querySelectorAll('blockquote[data-secret="'+t.secret+'"]'),c=new RegExp("^https?:$","i"),i=0;i<o.length;i++)o[i].style.display="none";for(i=0;i<a.length;i++)s=a[i],e.source===s.contentWindow&&(s.removeAttribute("style"),"height"===t.message?(1e3<(r=parseInt(t.value,10))?r=1e3:~~r<200&&(r=200),s.height=r):"link"===t.message&&(r=new URL(s.getAttribute("src")),n=new URL(t.value),c.test(n.protocol))&&n.host===r.host&&l.activeElement===s&&(d.top.location.href=t.value))}},d.addEventListener("message",d.wp.receiveEmbedMessage,!1),l.addEventListener("DOMContentLoaded",function(){for(var e,t,s=l.querySelectorAll("iframe.wp-embedded-content"),r=0;r<s.length;r++)(t=(e=s[r]).getAttribute("data-secret"))||(t=Math.random().toString(36).substring(2,12),e.src+="#?secret="+t,e.setAttribute("data-secret",t)),e.contentWindow.postMessage({message:"ready",secret:t},"*")},!1)))}(window,document);
/* ]]> */
</script>

El Ayuntamiento de Vilafamés y la Mancomunitat Plana Alta se han unido para poner en valor la figura de la mujer en la literatura en el Día de las Escritoras que se conmemora hoy, 19 de octubre. Así, en las redes sociales se dará difusión a la figura de diez mujeres con relevancia en las [&hellip;]
