{"version":"1.0","provider_name":"Web de l&#039;Ajuntament de Vilafam\u00e9s","provider_url":"https:\/\/vilafames.org\/es","author_name":"vilafames","author_url":"https:\/\/vilafames.org\/es\/author\/vilafames\/","title":"[:ca]Vilafam\u00e9s solidari amb el poble de S\u00edria[:es]Vilafam\u00e9s solidario con el pueblo de Siria[:] - Web de l&#039;Ajuntament de Vilafam\u00e9s","type":"rich","width":600,"height":338,"html":"<blockquote class=\"wp-embedded-content\" data-secret=\"K0TpW2FfW3\"><a href=\"https:\/\/vilafames.org\/es\/espanol-vilafames-solidario-con-el-pueblo-de-siria\/\">Vilafam\u00e9s solidario con el pueblo de Siria<\/a><\/blockquote><iframe sandbox=\"allow-scripts\" security=\"restricted\" src=\"https:\/\/vilafames.org\/es\/espanol-vilafames-solidario-con-el-pueblo-de-siria\/embed\/#?secret=K0TpW2FfW3\" width=\"600\" height=\"338\" title=\"\u00abVilafam\u00e9s solidario con el pueblo de Siria\u00bb \u2014 Web de l&#039;Ajuntament de Vilafam\u00e9s\" data-secret=\"K0TpW2FfW3\" frameborder=\"0\" marginwidth=\"0\" marginheight=\"0\" scrolling=\"no\" class=\"wp-embedded-content\"><\/iframe><script type=\"text\/javascript\">\n\/* <![CDATA[ *\/\n\/*! This file is auto-generated *\/\n!function(d,l){\"use strict\";l.querySelector&&d.addEventListener&&\"undefined\"!=typeof URL&&(d.wp=d.wp||{},d.wp.receiveEmbedMessage||(d.wp.receiveEmbedMessage=function(e){var t=e.data;if((t||t.secret||t.message||t.value)&&!\/[^a-zA-Z0-9]\/.test(t.secret)){for(var s,r,n,a=l.querySelectorAll('iframe[data-secret=\"'+t.secret+'\"]'),o=l.querySelectorAll('blockquote[data-secret=\"'+t.secret+'\"]'),c=new RegExp(\"^https?:$\",\"i\"),i=0;i<o.length;i++)o[i].style.display=\"none\";for(i=0;i<a.length;i++)s=a[i],e.source===s.contentWindow&&(s.removeAttribute(\"style\"),\"height\"===t.message?(1e3<(r=parseInt(t.value,10))?r=1e3:~~r<200&&(r=200),s.height=r):\"link\"===t.message&&(r=new URL(s.getAttribute(\"src\")),n=new URL(t.value),c.test(n.protocol))&&n.host===r.host&&l.activeElement===s&&(d.top.location.href=t.value))}},d.addEventListener(\"message\",d.wp.receiveEmbedMessage,!1),l.addEventListener(\"DOMContentLoaded\",function(){for(var e,t,s=l.querySelectorAll(\"iframe.wp-embedded-content\"),r=0;r<s.length;r++)(t=(e=s[r]).getAttribute(\"data-secret\"))||(t=Math.random().toString(36).substring(2,12),e.src+=\"#?secret=\"+t,e.setAttribute(\"data-secret\",t)),e.contentWindow.postMessage({message:\"ready\",secret:t},\"*\")},!1)))}(window,document);\n\/* ]]> *\/\n<\/script>\n","thumbnail_url":"https:\/\/vilafames.org\/wp-content\/uploads\/ajuda_siria1.jpg","thumbnail_width":1200,"thumbnail_height":675,"description":"Las aportaciones de los vecinos de Vilafam\u00e9s en ayuda del pueblo de Siria saldr\u00e1n el pr\u00f3ximo 18 de junio. Las aportaciones de los vecinos de Vilafam\u00e9s de ayuda solidaria al pueblo de Siria saldr\u00e1n el pr\u00f3ximo 18 de junio. Se trata de materiales de primera necesidad que se han recogido en Vilafam\u00e9s y, junto a [&hellip;]"}

Web de l&#039;Ajuntament de Vilafamés

[:ca]Vilafamés solidari amb el poble de Síria[:es]Vilafamés solidario con el pueblo de Siria[:] - Web de l&#039;Ajuntament de Vilafamés

<blockquote class="wp-embedded-content" data-secret="K0TpW2FfW3"><a href="https://vilafames.org/es/espanol-vilafames-solidario-con-el-pueblo-de-siria/">Vilafamés solidario con el pueblo de Siria</a></blockquote><iframe sandbox="allow-scripts" security="restricted" src="https://vilafames.org/es/espanol-vilafames-solidario-con-el-pueblo-de-siria/embed/#?secret=K0TpW2FfW3" width="600" height="338" title="«Vilafamés solidario con el pueblo de Siria» — Web de l&#039;Ajuntament de Vilafamés" data-secret="K0TpW2FfW3" frameborder="0" marginwidth="0" marginheight="0" scrolling="no" class="wp-embedded-content"></iframe><script type="text/javascript">
/* <![CDATA[ */
/*! This file is auto-generated */
!function(d,l){"use strict";l.querySelector&&d.addEventListener&&"undefined"!=typeof URL&&(d.wp=d.wp||{},d.wp.receiveEmbedMessage||(d.wp.receiveEmbedMessage=function(e){var t=e.data;if((t||t.secret||t.message||t.value)&&!/[^a-zA-Z0-9]/.test(t.secret)){for(var s,r,n,a=l.querySelectorAll('iframe[data-secret="'+t.secret+'"]'),o=l.querySelectorAll('blockquote[data-secret="'+t.secret+'"]'),c=new RegExp("^https?:$","i"),i=0;i<o.length;i++)o[i].style.display="none";for(i=0;i<a.length;i++)s=a[i],e.source===s.contentWindow&&(s.removeAttribute("style"),"height"===t.message?(1e3<(r=parseInt(t.value,10))?r=1e3:~~r<200&&(r=200),s.height=r):"link"===t.message&&(r=new URL(s.getAttribute("src")),n=new URL(t.value),c.test(n.protocol))&&n.host===r.host&&l.activeElement===s&&(d.top.location.href=t.value))}},d.addEventListener("message",d.wp.receiveEmbedMessage,!1),l.addEventListener("DOMContentLoaded",function(){for(var e,t,s=l.querySelectorAll("iframe.wp-embedded-content"),r=0;r<s.length;r++)(t=(e=s[r]).getAttribute("data-secret"))||(t=Math.random().toString(36).substring(2,12),e.src+="#?secret="+t,e.setAttribute("data-secret",t)),e.contentWindow.postMessage({message:"ready",secret:t},"*")},!1)))}(window,document);
/* ]]> */
</script>

Las aportaciones de los vecinos de Vilafamés en ayuda del pueblo de Siria saldrán el próximo 18 de junio. Las aportaciones de los vecinos de Vilafamés de ayuda solidaria al pueblo de Siria saldrán el próximo 18 de junio. Se trata de materiales de primera necesidad que se han recogido en Vilafamés y, junto a [&hellip;]
